n = -9 - 3. What is the units digit of n?
3
Suppose -4*h - 2*m = -12 - 12, 0 = -2*m. What is the tens digit of -2*((-525)/h)/5?
3
Let s(u) = 27*u**2 + 1. What is the tens digit of s(1)?
2
What is the tens digit of ((-23)/4)/((-1)/8)?
4
Suppose -j + 0*j - 3*o + 12 = 0, -4*j = 3*o - 21. What is the units digit of j?
3
Suppose 6*m - 5*m - 24 = 0. Suppose 0 = 3*d - 3*q - m, d - 4*d = 5*q + 8. Suppose -4*w = d*p - 80, -2*p + 83 = 4*w + 11. What is the tens digit of w?
1
Suppose 3*y - 40 = y + 4*r, -5*y + 4*r = -94. Let o = y + -10. What is the units digit of o?
8
What is the units digit of 299 - (0 - (-12)/(-4))?
2
Let a = -102 + 195. What is the units digit of a?
3
Let b(p) = p + 13. Let s be b(-7). Let h(a) = 5*a - 12. What is the tens digit of h(s)?
1
Let o(i) = -i - 4. Let a be o(-7). Suppose 0 = 3*g - 4*v - 24, 3*g - a*v = 2*v + 27. Let j = 13 - g. What is the units digit of j?
9
Suppose 4 = -k + 5. Let w(p) = p**2 - p - 1. Let h(l) = 7*l**2 + 2*l + 5. Let u(c) = h(c) + 4*w(c). What is the tens digit of u(k)?
1
Let o(b) = 6*b + 2. Let g(n) = -3*n - 3. Let j be g(-2). Suppose -j*t - 3*s = 0, 6*t = 3*t + 3*s + 12. What is the units digit of o(t)?
4
Suppose 6*i + 18 = 3*i. Let l(u) = u**3 + 8*u**2 + 6*u - 6. What is the units digit of l(i)?
0
Let u = 7 - 3. Suppose -2*h = -0*w - 4*w - 4, 4 = -2*h - u*w. Let y = 3 - h. What is the units digit of y?
3
Let w(m) = -m**3 + 8*m**2 - 7*m + 1. Let k be w(7). What is the tens digit of 17 - (3 - (-1 + k))?
1
Let b(j) = -116*j + 22. What is the hundreds digit of b(-3)?
3
Let k be (1 - -3)/(2 + 0). Suppose -4*s = -5*x - 7, -x = -k*x + 5*s - 14. What is the units digit of x?
1
Let q(o) = 0 - 11*o**2 + 11 - o**3 + 2 - 5 - o. What is the tens digit of q(-11)?
1
Suppose 0 = 3*m - 5*q - 4, 3*m - 6*m + q + 8 = 0. Let j be 2 + (0 + 0)/m. Suppose 0 = -c - p - j*p + 2, -12 = 3*p. What is the tens digit of c?
1
What is the units digit of (-3 - (-11)/3)/(4/348)?
8
Let l be (7 + -6)/(2/10). Suppose -h + 2*x = 15, 6*h = l*h + 3*x - 19. Let y(o) = o**3 + 7*o**2 - o - 4. What is the units digit of y(h)?
3
Let o(k) = 2*k**2 - 6*k - 5. What is the units digit of o(-4)?
1
Suppose -4*t = 1 - 9. What is the units digit of (2 + t)/4*6?
6
Let m = 43 + -14. What is the units digit of m?
9
Suppose -4*l = 3*s + 7, 8 = -4*s - 3*l - 2*l. Suppose 7*p - 167 = 2*p - c, 107 = s*p + 4*c. What is the units digit of p?
3
Suppose 2 = -q - 0. What is the tens digit of q/3 - (-128)/3?
4
Let t be (1*-4)/((-18)/(-81)). What is the units digit of t*((-36)/8 - -2)?
5
Suppose 0 = -4*f + 5*h + 204, 0 = -5*h - 3 - 17. What is the units digit of f?
6
Let m = 18 + -7. Suppose s - 5*q = -m, -2*q - 28 + 108 = 5*s. What is the tens digit of s?
1
Suppose -2*z - 2*r - 12 = 2*r, 4*z - 3*r = -35. Let i = -4 - z. Suppose -13 = -3*h + i*k + 12, -2*h = -2*k - 18. What is the units digit of h?
1
Let h(j) = -j**3 + 15*j**2 - j + 23. What is the units digit of h(14)?
5
What is the hundreds digit of (3/(-4) + 28/16)*346?
3
Let i = 180 - 86. What is the tens digit of i/6 - (-6)/(-9)?
1
Suppose -2*j + 54 = 3*d, 5*j = -4*d + 3*d + 161. What is the tens digit of 11/(j/36) + 3?
1
Suppose -2*o - 6 = -5*u - 27, -o + 5*u + 3 = 0. What is the tens digit of o?
1
Let v = 11 + -7. Suppose v*t - 5 = 51. What is the units digit of t?
4
Suppose 4*k + 83 - 255 = 0. What is the units digit of k?
3
Suppose b = -5, -458 - 179 = -4*o + 5*b. What is the tens digit of o?
5
Let a(p) = p**3 + 4*p**2 + p - 1. What is the units digit of a(-3)?
5
Let c(y) = -8*y. Let g be c(-3). Let q = 11 - 11. Suppose b + 2*b - g = q. What is the units digit of b?
8
Suppose -2*k = -4, -2*h + k = -h + 5. Let u be -1 - (-1 - 0/h). Suppose u = -5*b + c + 4*c + 25, -2*b + 5*c - 2 = 0. What is the units digit of b?
9
Let i = 22 + -38. Let b = i + 4. What is the units digit of b*(-3)/6*1?
6
What is the units digit of (2/(-5)*-4)/((-4)/(-70))?
8
Let t(x) = -3*x**3 + 6*x**2 + 7*x + 4. Let f(i) = 16*i**3 - 30*i**2 - 35*i - 21. Let h(j) = 2*f(j) + 11*t(j). What is the units digit of h(7)?
2
Suppose -2*w + 73 = -2*k + 3*k, 3*k - w = 219. What is the tens digit of k?
7
Suppose f - z - 169 = -2*f, -2*f = -3*z - 101. What is the units digit of f?
8
Let y be (16/(-6))/4*-6. Let h be 9/2 + y/(-8). Let b = h + 2. What is the units digit of b?
6
Suppose 18*a + 402 = 20*a. What is the tens digit of a?
0
Suppose 5*z - 40 - 15 = 0. Suppose -16 = -2*t - 0*t - 4*r, 5*t = 5*r - 20. Let f = z - t. What is the tens digit of f?
1
Let c = 3 + -5. Let z = 21 + c. What is the tens digit of z?
1
Let c(x) = 3*x - 2*x + 4*x + 11 + 41*x**2. Let n(r) = -14*r**2 - 2*r - 4. Let v(k) = 3*c(k) + 8*n(k). What is the tens digit of v(1)?
1
Suppose a + 10 = 6*a. Suppose 3 - 23 = a*n. Let p = 21 + n. What is the units digit of p?
1
Let r(k) = -k**2 - 22*k. What is the tens digit of r(-17)?
8
What is the hundreds digit of 4 + (2 - 2) + 102?
1
What is the units digit of 143/(-44)*(1 + -29)?
1
Let h(r) be the third derivative of -r**4/8 - r**3 + 3*r**2. What is the units digit of h(-5)?
9
Let y be 138/(-5)*(-10)/3. Let j = -61 + y. What is the tens digit of j?
3
Let r = 7 - 7. Suppose r = -o + 2 - 3. What is the tens digit of (24/3*-2)/o?
1
Let p be (3 - 2/2)*-1. What is the tens digit of (-12)/(-8) - 25/p?
1
Let s be 2*(10 + -4) - 4. What is the tens digit of (88/(-16))/((-2)/s)?
2
Suppose 22 = 4*k - 2. What is the units digit of (9/k)/(2/12)?
9
Let w = -5 + -1. Let a(x) = x**2 - 11*x + 11. Let b be a(8). Let v = w - b. What is the units digit of v?
7
Let m = 2 - -33. What is the units digit of m?
5
Suppose 6*z - z - g = 158, 0 = 4*z - g - 126. Suppose -3*h = -5*h + z. What is the units digit of h?
6
Suppose 5*f - 6*f = 2*k - 108, -5*f + 540 = 5*k. What is the tens digit of f?
0
Suppose -3*u + x + 18 = -4, -25 = -4*u - 3*x. Let b(m) = m**3 + m**2 - 1. Let k(r) = -8*r**2 + 2*r - 8. Let j(w) = b(w) + k(w). What is the units digit of j(u)?
5
Suppose -5*y - 3*z = -23, 3*y + 3*z - 9 = 6. Suppose -y - 2 = -3*i. Suppose -18 = -2*p + 4*o, -i*p + 15 = -0*p - o. What is the units digit of p?
7
Suppose 4*r - 20 = 64. What is the tens digit of r?
2
Suppose 3*w + 15 - 285 = -2*i, 5*i - 15 = 0. What is the units digit of w?
8
Let v(u) = -u**3 - 5*u**2 - 2*u + 2. Let i be v(-2). Let n = i - -5. What is the tens digit of n*1/((-2)/22)?
1
Suppose -29 = 4*s - 3*s - u, -121 = 4*s - 5*u. What is the units digit of (-66)/(-8) - 18/s?
9
Let z be (3/15)/((-1)/(-5)). What is the tens digit of (-20)/(-2)*2/z?
2
Suppose 8*v - 72 = 5*v. What is the tens digit of v?
2
Suppose 4*p = -3*m + 20, -3*m + 5*p + 7 = 32. What is the units digit of (m - 4)*(-2)/1?
8
Let u be 2/(-6) + (-252)/(-27). What is the units digit of (33/u)/(2/18)?
3
Let w be (-3)/2 - 219/(-6). Let x = w + -20. What is the tens digit of x?
1
Suppose 3*n - 8*n = -3*r - 261, 3*n - r - 159 = 0. What is the units digit of n?
4
Let c be (1/((-1)/(-6)))/2. Suppose 4*t - 69 = i, -c*t = -7*t - 4*i + 84. What is the tens digit of t?
1
Let c(p) = p**3 + 6*p**2 - 6*p - 8. What is the tens digit of c(-6)?
2
Let o be 1*(0 - 2) + -4. Let b be 3/((-9)/o) + 3. Suppose 113 - 31 = 5*f - 2*a, -3*f - b*a + 74 = 0. What is the tens digit of f?
1
Suppose 0 = 3*y - 3*i - 21, y = -0*y + 3*i + 3. Let x be 20/y + 14/(-63). Let o = x - -11. What is the tens digit of o?
1
Suppose 0 = 10*a - 5*a. Suppose -3*n = -a*n - 30. What is the units digit of n?
0
Let h(i) = i**2 + 3*i + 3. Let j be h(-2). Suppose -b + 3 = k, k = -0 + j. What is the units digit of b?
2
What is the units digit of 162/8 - (-1)/(-4)?
0
Let a be (-2)/10 + (-12)/15. What is the units digit of (a/((-2)/36))/2?
9
Let a be ((-27)/(-3) - 3)/(-2). Let u = a - -5. What is the units digit of u?
2
Suppose -5*g = -8*g + 87. What is the tens digit of g?
2
Let g(z) = -z**3 - 29*z**2 - 38*z + 25. What is the units digit of g(-28)?
5
Suppose 9*a = 14*a + 20. What is the tens digit of (-106)/a - 6/12?
2
Let m = 28 + -19. What is the units digit of m?
9
Let b = -32 - -50. What is the units digit of b?
8
Let b = 64 + -38. Let h = 8 - b. Let s = h - -25. What is the units digit of s?
7
Suppose -2*w - 2*c - 2*c = 46, 3*c = -4*w - 82. Let o = w + 56. What is the units digit of o?
7
Suppose 2*h + 141 = 5*v + 4*h, 110 = 4*v + 3*h. Let b = v - 21. What is the units digit of b?
8
Suppose 0 = l 